14?
7
Suppose 53*n - 1378 = 53. What is the highest common divisor of n and 1026?
27
Let n = 47 - 41. Suppose 0 = -2*l + 24 + n. What is the greatest common factor of 3 and l?
3
Suppose 8*d + 992 = 24*d. What is the greatest common divisor of d and 248?
62
Let d be 8/(2 + (-2 - (-4)/22)). Let u = d - 39. What is the greatest common divisor of u and 20?
5
Suppose 7*v + 126 = 1100 + 55. Let h(d) = 4*d - 7. Let f be h(7). Calculate the greatest common factor of f and v.
21
Let p be (-2 - (-150)/(-5))*(-2)/4. What is the highest common factor of p and 2?
2
Suppose -45*h + 24*h + 840 = 0. What is the greatest common factor of 140 and h?
20
Let i(j) = -5 - 4*j**2 - 5*j**2 + 6*j**2 - 7*j + 1. Let u be i(-5). Let y = -26 - u. Calculate the greatest common divisor of y and 9.
9
Suppose 5*o + 136 = 4*n, 0 = -2*n - 0*o + 5*o + 68. Let d be (12 + -11)/((-1)/(-51)). What is the highest common divisor of d and n?
17
Suppose -5*t + 527 = -118. Let d = -87 + t. Let l be 1 + -2 + (13 - -2). What is the greatest common divisor of d and l?
14
Let y(x) = 4*x - 14. Let n(v) = v - 5. Let k(d) = -7*n(d) + 2*y(d). Let h be k(5). What is the highest common factor of h and 3?
3
Suppose -46*i + 312 = -42*i. Let m(c) = 7*c - 1. Let d be m(1). Calculate the highest common factor of i and d.
6
Let s = -10 - -1. Let v = s + 12. Suppose -5*p = 3*a - p - 53, p - 65 = -v*a. What is the greatest common factor of 23 and a?
23
Let p(b) = -16*b**3 + b + 1. Let x be p(-1). Let v be 8/(-12) + (-535)/(-15). Let i = v - 19. What is the greatest common divisor of x and i?
16
Suppose 0*b = -b + 1. Let z be (104*b)/4 + -4. Calculate the greatest common divisor of z and 154.
22
Let i be (-18)/12*4*(-2)/3. Calculate the highest common divisor of 64 and i.
4
Let y be (-62)/(-2) + (-16)/4. Suppose -5*t + 295 = 2*q + 114, -5*q + 64 = 2*t. Let h = 55 - t. Calculate the greatest common factor of h and y.
9
Let j(z) be the third derivative of -z**6/120 - z**5/5 - z**4/12 - z**3/6 + 4*z**2 - 5*z. Let n be j(-12). What is the greatest common divisor of n and 299?
23
Suppose -2*n + 5 = 9. Let j be (-4)/(12/72*n/6). Calculate the highest common factor of j and 18.
18
Let i = 65 + -33. Calculate the highest common divisor of i and 736.
32
Suppose 24 = -a - 85. Let n = a + 138. What is the highest common divisor of 261 and n?
29
Let r(b) = -b**3 + 8*b**2 - 16. Let l be r(7). Let i = l + 5. Let y = -37 + 56. Calculate the greatest common factor of i and y.
19
Let g be 9/((-90)/4)*-5. Suppose -4*x + 24 = 2*c - 0*x, g*x = -5*c + 84. Let p = -39 + 57. Calculate the greatest common divisor of p and c.
18
Let n(v) = -v**3 + 3*v**2 + 5*v - 1. Let g be n(4). Let z = 368 - 367. Calculate the greatest common divisor of g and z.
1
Suppose -2*a - 2150 = -2158. Let w(o) = -o**3 - 4*o**2 - 2*o + 2. Let j be w(-4). Calculate the highest common divisor of a and j.
2
Suppose -4*h - 76 = -3*c, 10 - 2 = -2*h. Suppose -z = -1 - 3, -5*a = 2*z - 258. Calculate the greatest common divisor of a and c.
10
Suppose 0 = -100*a + 95*a + 275. What is the highest common factor of 44 and a?
11
Suppose -62*v + 38*v = -1176. Calculate the highest common factor of v and 343.
49
Let n be (0 - (-5 - -1)) + 4*-1. Suppose -2*b + 3*b - 280 = n. What is the greatest common factor of b and 35?
35
Suppose 0 = -5*o + 4*c - 0*c + 64, -4*o - 2*c + 46 = 0. Calculate the greatest common factor of 150 and o.
6
Let p be -5 - -3 - (-2 + 0). Suppose -11 + 40 = 5*i - 3*r, p = 4*i - r - 26. Let z = i - 3. Calculate the highest common divisor of 8 and z.
4
Let b be (-1 + -1)/1 + 5. Suppose 3*m = -b*k + 95 - 14, -m + 59 = 2*k. Calculate the greatest common divisor of 80 and k.
16
Let l(r) = r**2 + 8*r + 36. Let k be l(-10). What is the highest common divisor of 392 and k?
56
Let n be (-6 - 30/(-4))*150. What is the highest common factor of 45 and n?
45
Let v be (10 - -20)*(-15)/(-10). Let c be -3*21/(-1) - 3. Calculate the highest common divisor of c and v.
15
Let b be (-729)/(-15) + (-36)/60. What is the highest common factor of b and 264?
24
Let z = 12 + -9. Let m be 273/6 - z/6. Let t be (-86)/(-10) - 12/(-30). What is the highest common factor of m and t?
9
Let t = 0 + 5. Suppose -5*k + z + 22 = -z, t*k - 26 = z. Let n be -6 + 10 + (-18)/(-9)*25. What is the highest common factor of k and n?
6
Suppose -19 = 5*o - 4*o. Let s(k) = 70*k - 463. Let l be s(7). Let j = o + l. What is the highest common divisor of j and 2?
2
Suppose 14 = -318*j + 319*j. Suppose 2*c + l = -0*l + 1, -4*c + l = -11. Calculate the greatest common factor of c and j.
2
Let x(t) = t**2 + 5*t - 3. Let c(q) = 5*q - 3. Let s(a) = -2*c(a) + 3*x(a). Let m be s(-4). What is the greatest common factor of m and 10?
5
Suppose 2 = 5*s - 13. Suppose -z - 2*z = -27. Let a = s + z. Calculate the greatest common divisor of 120 and a.
12
Suppose -12 = -m + 2*m. Let k(i) = -i**2 - 22*i + 48. Let a be k(-22). Let g = m + a. What is the highest common factor of 90 and g?
18
Suppose 20 + 190 = 7*n. Suppose 34*s - 32*s - n = 0. Suppose -40 = -3*q - q. What is the greatest common factor of q and s?
5
Let p be (-13)/39 + 43/3. Let a be 114/8 - 2/8. Calculate the greatest common factor of a and p.
14
Let j be -1 + 1 + (-12 - (-228 - -8)). What is the greatest common divisor of 130 and j?
26
Let d(q) = -3 + 3 - 1 + 17*q + 2. Suppose -4*n = 5*y + 15, 4*y + n + 2*n = -11. Let f be d(y). What is the highest common divisor of 144 and f?
18
Suppose 15*f - 661 = -226. Calculate the greatest common factor of f and 87.
29
Suppose -3*o + 0 + 10 = -5*m, -3*o - m = -34. Suppose 5*q + 260 = o*q. What is the greatest common factor of 13 and q?
13
Let i = 22 - 1. Suppose -5*c + 3*a + 3 = -2, a = 5*c - 15. Suppose -76 = -c*m - 4*y, -y = -m + y + 4. What is the greatest common divisor of m and i?
7
Let y = 55 + -64. Let l be 0 + (-2)/y + (-1209)/(-27). What is the greatest common factor of 5 and l?
5
Let k be 8*13 - (50/5 + -6). Calculate the greatest common divisor of 40 and k.
20
Suppose -5*z + 44 = 6*z. Let v(s) = 11*s + 1. Let x = 1 + 0. Let a be v(x). Calculate the highest common factor of a and z.
4
Let u = -17 + 58. Let n(j) = -26*j**3 + j**2 - 1. Let s be n(1). Let a = s + u. What is the highest common factor of 120 and a?
15
Let t = 1310 + -1058. What is the highest common divisor of 189 and t?
63
Suppose 176 = 4*o - 0*o. Let q = o - 30. Suppose -180 = -2*y - 4*g + 144, -2*y + 292 = -4*g. Calculate the highest common divisor of y and q.
14
Let o = -87 - -165. Let t = 96 - o. Suppose -27 = -2*d - d. What is the highest common divisor of d and t?
9
Suppose -56*m + 53*m = -72. Let q(x) = x + 2. Let o be q(6). What is the highest common divisor of m and o?
8
Suppose -5 = -2*i - 3*i - 5*n, -2*n = 0. Suppose -a - 27 = 3*x, 3*a + i = -x + 2*x. Let p be (x/6)/(40/(-1500)). What is the highest common factor of 25 and p?
25
Suppose 2*d = -137 + 559. Suppose 4*s - d - 269 = 0. What is the greatest common factor of s and 15?
15
Suppose -79*j + 63*j = -2816. Calculate the greatest common factor of 22 and j.
22
Let z = -193 - -203. What is the highest common factor of z and 10?
10
Let w(b) = 2*b**2 + 25*b + 79. Let j be w(-15). What is the greatest common factor of j and 22?
22
Let r(x) = 10*x - 14. Let a be r(2). What is the greatest common factor of 384 and a?
6
Suppose -2856 = -24*t + 12*t. Calculate the greatest common divisor of 17 and t.
17
Suppose -310 = -24*m + 146. What is the highest common divisor of 1577 and m?
19
Let x be (-126)/(-15) + 2/(-5). Suppose m - x = -n, 0 = n + 2*m - 4 - 0. Calculate the greatest common factor of n and 30.
6
Suppose -66 = 10*d - 13*d. Suppose 4*t - d - 132 = -3*v, -t = 3*v - 34. Calculate the highest common factor of 10 and t.
10
Let n be 18/63 + 192/14. Suppose -l = 3*m - 24, -4*m = l + m - 26. What is the greatest common divisor of l and n?
7
Suppose 2*f - 666 = -74. What is the highest common divisor of 8 and f?
8
Let t be (-56)/(-16)*(3 - 1). Let r(l) = -l**3 + 6*l**2 + 8*l + 8. Let n be r(t). Suppose n*b = 20*b - 110. Calculate the highest common factor of b and 22.
22
Suppose 218*z - 215*z = 3. Suppose -5*s + 64 = 4*n, -2*n - 72 = -5*s + s. Suppose 3*v = 5*v - s. Calculate the greatest common factor of v and z.
1
Suppose -s = -0*s - 2*u - 46, -5*s = 3*u - 256. Calculate the g